+ 3*b**2 + b - 28. Let x(h) = 11*m(h) + 6*z(h). Calculate x(5).
-3
Let g be 6/(-12)*(4 - 2). Let k = -4 - -6. Let p(j) = -k - 7*j + 10*j + 3 - 9*j. What is p(g)?
7
Let p(k) = k**3 + 5*k**2 + k - 4. Suppose 2*n = 2*f - 60, 2*n = f + 3*n - 26. Suppose 8*u + f = -12. Give p(u).
-9
Let s(h) = 0*h + h + 4 + 3*h**2 + 0*h**3 + h**3. Let m = 454 + -457. Calculate s(m).
1
Let k(i) = -i**2 + 10*i - 12. Let w be (-1)/(-17) + (-9424)/(-1054). Give k(w).
-3
Let j(o) = o**3 - 9*o**2 + 8*o. Suppose -66*w + 706 - 178 = 0. What is j(w)?
0
Suppose -2*f - 9 = -5. Let w(g) = -g**2 + 9*g - 9. Let v be w(7). Let u(m) = -1 + v + 0*m + m - 2. Calculate u(f).
0
Let a(d) = d**2 - 3*d - 1. Let l = 34 + -45. Let v = l - -17. Calculate a(v).
17
Let y(o) be the second derivative of -5*o**3/6 - 4*o**2 + 13*o. Let m(u) = -14*u - 23. Let t(z) = -6*m(z) + 17*y(z). Determine t(-6).
8
Let p be (-2 - (-7)/5) + (-172)/430. Let s(o) = -2*o - 1. What is s(p)?
1
Let t(l) = 2*l**3 + l**2 + 2*l + 1. Let a(z) = z**3 - 6*z**2 + 6*z - 2. Let d be a(1). Determine t(d).
-2
Suppose -4*v - 3*i + 20 = 0, 5*i = 2*v - 0*i - 10. Let o(l) = 0 - 6424*l**2 + 0*l**3 + 4*l + 6419*l**2 + 9*l**3 - 4 - 8*l**3. Calculate o(v).
16
Let d(h) = -h**3 - 2*h**2 + 3*h - 2. Suppose -19*f = -32*f + 26. Calculate d(f).
-12
Let v(s) be the third derivative of -s**8/20160 - s**7/1680 - 4*s**5/15 - 15*s**2. Let q(c) be the third derivative of v(c). What is q(-4)?
-4
Let s(u) = 3*u**2 + u - 7. Suppose 0 = -4*b - r + 16, -3*b + 3*r - 1 = 7*r. Let t(a) = -5*a**2 - 2*a + 11. Let n(f) = b*t(f) + 8*s(f). Determine n(-2).
-1
Let j(n) = 0 - 23*n**2 - 4*n - 23*n**2 + 3 + 45*n**2. Give j(-4).
3
Let d(w) = -5*w**2 + 24*w + 2. Let b be d(5). Let i(r) be the third derivative of -r**5/60 - r**4/6 - r**3/6 + 3*r**2. Determine i(b).
2
Let i(a) = a**2 + 4*a - 10. Let x be i(-8). Let n = -24 + x. Let z(b) = b**2 + b. Determine z(n).
2
Let g(b) be the third derivative of -b**5/120 - b**4/6 + b**3/3 - 3*b**2. Let l(n) be the first derivative of g(n). Let c = 10 + -15. Calculate l(c).
1
Suppose 114 = 15*j + 9. Let o(m) = -m**3 + 8*m**2 - 6*m - 10. What is o(j)?
-3
Suppose 11*c = 10*c - 10. Let a(u) = -u**2 - 11*u + 5. What is a(c)?
15
Suppose r + 20 = 21. Let k(j) = r + 1 - 7 - 2 + j. Give k(0).
-7
Let i(y) = -10*y + 2. Suppose 4*d + 0*d = -3*c + 123, 5*c - 240 = 5*d. Suppose 51 = 3*n + c. What is i(n)?
-18
Let w(v) = 3*v**3 + 18*v**2 - 18*v - 19. Let d(n) = -10*n**3 - 54*n**2 + 53*n + 56. Let o(z) = 2*d(z) + 7*w(z). What is o(-19)?
-2
Let z be ((-4)/4 + -3)*-1. Let n(l) be the second derivative of -l**4/12 - l**3/6 - l**2 - 19*l - 2. What is n(z)?
-22
Let j(k) = k**3 + 9*k**2 - 11*k - 13. Let b be (-1150)/138*12/10. What is j(b)?
-3
Let x(j) = -j**3 - 10*j + 31 + 5*j**2 - 28 + 10*j. Give x(5).
3
Let u(c) = -5*c. Let k be u(1). Let g = 6 + k. Let q be 3*(8/(-6) + g). Let n(l) = -4*l**2 + l + 1. Calculate n(q).
-4
Let f(z) be the first derivative of -z**2 - 3*z + 2. Let o be (-245)/(-735)*(-1 - 7 - 1). What is f(o)?
3
Let i(a) = 4*a**3 + 2*a**2 - a**3 - 2*a - a**2 + a. Let c(o) = o + 10. Let z be 3/(-6)*-18*-1. Let v be c(z). Determine i(v).
3
Let i(y) = 3*y. Let x(u) = -5*u**2 - u. Let l be x(-1). Let c be 40/(-2) + l + 4. Let f = c - -19. Determine i(f).
-3
Let u(v) = -6*v + 26. Let k be u(3). Let p(q) = -2*q + 6. Give p(k).
-10
Let k be 6/18 - 1/3. Let p(m) = -4*m - 3 + k*m + 3*m. Give p(-5).
2
Let l(j) be the first derivative of -13 - 1/2*j**2 - 2/3*j**3 + 0*j + 1/2*j**4. Suppose 0 = 3*s - 6, -2*h + h + 1 = s. What is l(h)?
-3
Let q(y) = 6*y**3 - y**2. Let p = -606 - -607. Give q(p).
5
Let g(m) = m**3 - 10*m**2 - 12*m + 11. Let x be g(11). Let t(u) = -u**3 - u**2 - u + 15. Determine t(x).
15
Suppose 6*p = -13*p - 57. Let f(m) = 5*m + 1. Calculate f(p).
-14
Let d(o) be the third derivative of -1/60*o**5 - o**2 + 0*o**3 + 0 + 0*o + 0*o**4. Suppose 4*s = -3*m + 6*s - 7, -3*m + 8 = s. Calculate d(m).
-1
Let t(d) = 2*d - 4. Let g = 136 - 142. What is t(g)?
-16
Let c(d) be the second derivative of d**4/12 + d**3/6 + 3*d**2/2 - 187*d. Give c(-4).
15
Suppose 20 = -5*s, n + 2*s = -0*s + 32. Suppose -5*q + n - 5 = 0. Let a(m) = -2*m + 12. Let k(v) = -2*v + 13. Let d(x) = 3*a(x) - 2*k(x). Give d(q).
-4
Let p(f) = -3*f + 3. Let h = -93 - -190. Let k = h - 142. Let r be (k/6)/((-6)/4). Calculate p(r).
-12
Let z(p) be the second derivative of p**8/6720 - p**7/630 + p**6/240 + p**5/24 + 23*p**4/12 + 12*p. Let y(g) be the third derivative of z(g). Determine y(4).
17
Let z(v) = v + 6. Suppose -4*j = -3*n + 39, 0 = -j + 13*n - 10*n - 21. Give z(j).
0
Suppose -3*y - 28 + 28 = 0. Let f(w) = -w**2 - 2*w - 17. What is f(y)?
-17
Let g(v) = v - 13. Suppose -32 = 21*z - 17*z. What is g(z)?
-21
Let m(v) = v**2 - 7*v - 8. Let p = -115 - -122. Determine m(p).
-8
Let f(r) = -9*r - 2. Let k be (-8)/((-10)/6 + 2/(-6)). Let n(b) = 5*b + 1. Let i(a) = k*f(a) + 7*n(a). Give i(-5).
4
Let j(s) = -6*s - 4*s**2 - 2 - 3*s**2 - s + 9*s**2 - 3*s**2. Calculate j(-2).
8
Let p(g) = -g**3 - 4*g**2 - 3*g - 1. Let y(q) = -19*q**2 + 4*q - 1. Let s be y(2). Let t be s/(-21) - (-2)/(-7). Let n be 0 + 1 + t - 7. What is p(n)?
-1
Let l(z) = -z**2 + 6*z - 10. Suppose 198 = 16*q + 17*q. Determine l(q).
-10
Let g = -693 - -1387/2. Let u(c) be the first derivative of 5 + 1/3*c**3 - 5*c + g*c**2. What is u(-4)?
7
Let a(z) be the second derivative of -z**4/12 + 4*z**3/3 + 33*z**2 - z - 100. Calculate a(13).
1
Let a(t) = t**2 + 4*t + 8. Suppose 5*p + 5 = -j, 3*j - 3*p = 16 + 5. Let o(i) = i - 1. Let v(x) = j*o(x) - a(x). Calculate v(0).
-13
Let z(i) = i**3 - 6*i**2 - 4*i - 1. Let v be z(7). Let b be 24/v*((-10)/3)/(-1). Let c(w) = w**3 - 5*w**2 - w - 1. Determine c(b).
-21
Let d be 1 - 0 - 7*-1. Let g be (-2)/8 + (-14)/d. Let a(t) = -2*t - 266. Let s(i) = 3*i + 333. Let k(u) = -5*a(u) - 4*s(u). Calculate k(g).
2
Let f(k) = -k**3 - 4*k**2 - 3*k - 1. Let d = -28 - -26. Let b be f(d). Let c(q) = -q**3 - 4*q**2 - 2*q + 4. Determine c(b).
1
Let k(v) = 11*v**2 + 15*v - 37. Let o(i) = -2*i**2 - 3*i. Let p(b) = -k(b) - 5*o(b). What is p(6)?
1
Let o = -562 - -557. Let f(p) = -p**2 - 2*p + 6. Give f(o).
-9
Suppose 11*m = -8*m - 76. Let z(p) = -2*p**2 - 4*p + 2. Give z(m).
-14
Let v(o) = -7*o**3 + 10*o**2 + 16*o + 9. Let n(a) = -a**3 + a - 1. Let d(x) = 6*n(x) - v(x). Let y be (2 - 0)/(-2) + 12. Give d(y).
-4
Let s(m) = -5*m**3 - 4*m - 3. Let l(z) = -4*z**3 - z**2 - 3*z - 4. Let t(w) = -6*l(w) + 5*s(w). Determine t(6).
-3
Let b = -116 + 107. Let r(p) = -p**3 - 8*p**2 + 8*p + 7. Calculate r(b).
16
Let d = 1754 - 1759. Let p(r) = r**2 + 5*r + 6. Give p(d).
6
Let c = 594 + -592. Let y(l) = 5*l - 13. Determine y(c).
-3
Let d be (3/5 + -1)/((-12)/50). Let t(o) be the first derivative of -o - 1/4*o**4 - 6 - o**2 - d*o**3. Determine t(-2).
-9
Let u(l) = 2*l**3 + l**2 + l + 2. Let v = 14 - 16. Let c be (-3 - -4)/(v/4). What is u(c)?
-12
Let q(g) = -8*g**3 - 12*g**2 + 14*g - 6. Let a(n) = -3*n**3 - 4*n**2 + 5*n - 2. Let h(w) = -11*a(w) + 4*q(w). What is h(4)?
2
Suppose -v - 3*c = 2*v + 21, 2*c - 28 = 5*v. Let z = v + 10. Let i = z - 10. Let r(m) = -m - 2. Give r(i).
4
Let c = 27 - 3. Let z(m) = 15*m - 34*m**2 - c + m**3 - 7*m**3 - 11 + 9*m**2. Let n(r) = r**3 + 5*r**2 - 3*r + 7. Let h(o) = 11*n(o) + 2*z(o). Determine h(5).
-8
Let g(w) be the second derivative of w**3/6 + 12*w. Suppose 0 = -2*o - 17 + 5. Calculate g(o).
-6
Let u(q) = -2*q + 6. Let z = 315 + -171. Let f = z - 138. What is u(f)?
-6
Let s(z) be the second derivative of z**4/8 - 5*z**3/6 - z**2 - z. Let y(f) be the first derivative of s(f). Let m = 11 - 7. Determine y(m).
7
Suppose 20 = -2*a + g - 6*g, -2*a - 4*g - 16 = 0. Let i be (-4 + 6/1)*-3. Let b(v) = v. Let d(x) = -5*x - 1. Let y(z) = i*b(z) - d(z). What is y(a)?
1
Let x(o) = 0*o**2 + 81 - 51 - 3*o**2 - 2*o - 25. Calculate x(0).
5
Let a(u) be the second derivative of -u**5/20 + u**4/3 + u**3/3 + 3*u**2/2 + u. Determine a(3).
18
Let r be (64/8)/(-2) + (-1 - 0). Let a(s) = 2*s + 19. Let j(g) = -g - 10. Let f(c) = -2*a(c) - 5*j(c). Calculate f(r).
7
Suppose -2*l = 3*l. Let j(r) = 2 - 2*r + r + l + 1. Let h(y) = y**3 - 4*y**2 - 3*y - 4. Let f be h(5). Calculate j(f).
-3
Let y(g) be the first derivative of -g**2/2 + 10*g + 84. Suppose -4*c + 4 - 31 = -5*a, -4*a = 2*c - 6. Let z = a + 3. What is